{"id":4862,"date":"2024-06-06T10:25:08","date_gmt":"2024-06-06T10:25:08","guid":{"rendered":"https:\/\/gsse.dz\/sino\/?page_id=4862"},"modified":"2024-06-06T10:47:39","modified_gmt":"2024-06-06T10:47:39","slug":"paillette-pet","status":"publish","type":"page","link":"https:\/\/gsse.dz\/sino\/paillette-pet\/","title":{"rendered":"Paillette PET"},"content":{"rendered":"\t\t<div data-elementor-type=\"wp-page\" data-elementor-id=\"4862\" class=\"elementor elementor-4862\">\n\t\t\t\t<div class=\"elementor-element elementor-element-dbad7bd e-flex e-con-boxed e-con e-parent\" data-id=\"dbad7bd\" data-element_type=\"container\">\n\t\t\t\t\t<div class=\"e-con-inner\">\n\t\t<div class=\"elementor-element elementor-element-85616ca e-con-full e-flex e-con e-child\" data-id=\"85616ca\" data-element_type=\"container\">\n\t\t\t\t<div class=\"elementor-element elementor-element-d406e58 elementor-widget elementor-widget-image\" data-id=\"d406e58\" data-element_type=\"widget\" data-widget_type=\"image.default\">\n\t\t\t\t<div class=\"elementor-widget-container\">\n\t\t\t<style>\/*! elementor - v3.21.0 - 26-05-2024 *\/\n.elementor-widget-image{text-align:center}.elementor-widget-image a{display:inline-block}.elementor-widget-image a img[src$=\".svg\"]{width:48px}.elementor-widget-image img{vertical-align:middle;display:inline-block}<\/style>\t\t\t\t\t\t\t\t\t\t<img fetchpriority=\"high\" decoding=\"async\" width=\"1024\" height=\"683\" src=\"https:\/\/gsse.dz\/sino\/wp-content\/uploads\/2024\/06\/608B2187-Recovered.JPG_0002_608B2164-1024x683.jpg\" class=\"attachment-large size-large wp-image-4869\" alt=\"\" srcset=\"https:\/\/gsse.dz\/sino\/wp-content\/uploads\/2024\/06\/608B2187-Recovered.JPG_0002_608B2164-1024x683.jpg 1024w, https:\/\/gsse.dz\/sino\/wp-content\/uploads\/2024\/06\/608B2187-Recovered.JPG_0002_608B2164-300x200.jpg 300w, https:\/\/gsse.dz\/sino\/wp-content\/uploads\/2024\/06\/608B2187-Recovered.JPG_0002_608B2164-768x512.jpg 768w, https:\/\/gsse.dz\/sino\/wp-content\/uploads\/2024\/06\/608B2187-Recovered.JPG_0002_608B2164-600x400.jpg 600w, https:\/\/gsse.dz\/sino\/wp-content\/uploads\/2024\/06\/608B2187-Recovered.JPG_0002_608B2164.jpg 1500w\" sizes=\"(max-width: 1024px) 100vw, 1024px\" \/>\t\t\t\t\t\t\t\t\t\t\t\t\t<\/div>\n\t\t\t\t<\/div>\n\t\t\t\t<div class=\"elementor-element elementor-element-033c79a elementor-widget elementor-widget-mae-gallery-grid\" data-id=\"033c79a\" data-element_type=\"widget\" data-widget_type=\"mae-gallery-grid.default\">\n\t\t\t\t<div class=\"elementor-widget-container\">\n\t\t\t\n        <div class=\"master-portfolio master-galleries\" data-config='{\"columns\":3,\"gapHorizontal\":30,\"gapVertical\":30,\"layoutMode\":\"grid\"}'>\n            <div class=\"galleries cbp\">\n                                    <div class=\"master-gallery cbp-item\">\n                        <div class=\"thumb\">\n                            <a class=\"zoom-popup-mfp\" href=\"https:\/\/gsse.dz\/sino\/wp-content\/uploads\/2024\/06\/608B2220.jpg\"><\/a>\n                            <img decoding=\"async\" width=\"1024\" height=\"683\" src=\"https:\/\/gsse.dz\/sino\/wp-content\/uploads\/2024\/06\/608B2220-1024x683.jpg\" class=\"attachment-large size-large wp-image-4875\" alt=\"\" srcset=\"https:\/\/gsse.dz\/sino\/wp-content\/uploads\/2024\/06\/608B2220-1024x683.jpg 1024w, https:\/\/gsse.dz\/sino\/wp-content\/uploads\/2024\/06\/608B2220-300x200.jpg 300w, https:\/\/gsse.dz\/sino\/wp-content\/uploads\/2024\/06\/608B2220-768x512.jpg 768w, https:\/\/gsse.dz\/sino\/wp-content\/uploads\/2024\/06\/608B2220-600x400.jpg 600w, https:\/\/gsse.dz\/sino\/wp-content\/uploads\/2024\/06\/608B2220.jpg 1500w\" sizes=\"(max-width: 1024px) 100vw, 1024px\" \/>                        <\/div>\n                    <\/div>\n                                    <div class=\"master-gallery cbp-item\">\n                        <div class=\"thumb\">\n                            <a class=\"zoom-popup-mfp\" href=\"https:\/\/gsse.dz\/sino\/wp-content\/uploads\/2024\/06\/608B2187-Recovered.JPG_0006_608B2221.jpg\"><\/a>\n                            <img decoding=\"async\" width=\"1024\" height=\"683\" src=\"https:\/\/gsse.dz\/sino\/wp-content\/uploads\/2024\/06\/608B2187-Recovered.JPG_0006_608B2221-1024x683.jpg\" class=\"attachment-large size-large wp-image-4874\" alt=\"\" srcset=\"https:\/\/gsse.dz\/sino\/wp-content\/uploads\/2024\/06\/608B2187-Recovered.JPG_0006_608B2221-1024x683.jpg 1024w, https:\/\/gsse.dz\/sino\/wp-content\/uploads\/2024\/06\/608B2187-Recovered.JPG_0006_608B2221-300x200.jpg 300w, https:\/\/gsse.dz\/sino\/wp-content\/uploads\/2024\/06\/608B2187-Recovered.JPG_0006_608B2221-768x512.jpg 768w, https:\/\/gsse.dz\/sino\/wp-content\/uploads\/2024\/06\/608B2187-Recovered.JPG_0006_608B2221-600x400.jpg 600w, https:\/\/gsse.dz\/sino\/wp-content\/uploads\/2024\/06\/608B2187-Recovered.JPG_0006_608B2221.jpg 1500w\" sizes=\"(max-width: 1024px) 100vw, 1024px\" \/>                        <\/div>\n                    <\/div>\n                                    <div class=\"master-gallery cbp-item\">\n                        <div class=\"thumb\">\n                            <a class=\"zoom-popup-mfp\" href=\"https:\/\/gsse.dz\/sino\/wp-content\/uploads\/2024\/06\/608B2187-Recovered.JPG_0004_608B2157.jpg\"><\/a>\n                            <img loading=\"lazy\" decoding=\"async\" width=\"1024\" height=\"683\" src=\"https:\/\/gsse.dz\/sino\/wp-content\/uploads\/2024\/06\/608B2187-Recovered.JPG_0004_608B2157-1024x683.jpg\" class=\"attachment-large size-large wp-image-4873\" alt=\"\" srcset=\"https:\/\/gsse.dz\/sino\/wp-content\/uploads\/2024\/06\/608B2187-Recovered.JPG_0004_608B2157-1024x683.jpg 1024w, https:\/\/gsse.dz\/sino\/wp-content\/uploads\/2024\/06\/608B2187-Recovered.JPG_0004_608B2157-300x200.jpg 300w, https:\/\/gsse.dz\/sino\/wp-content\/uploads\/2024\/06\/608B2187-Recovered.JPG_0004_608B2157-768x512.jpg 768w, https:\/\/gsse.dz\/sino\/wp-content\/uploads\/2024\/06\/608B2187-Recovered.JPG_0004_608B2157-600x400.jpg 600w, https:\/\/gsse.dz\/sino\/wp-content\/uploads\/2024\/06\/608B2187-Recovered.JPG_0004_608B2157.jpg 1500w\" sizes=\"(max-width: 1024px) 100vw, 1024px\" \/>                        <\/div>\n                    <\/div>\n                            <\/div><!-- galleries -->\n        <\/div><!-- master-portfolio -->\n    \t\t<\/div>\n\t\t\t\t<\/div>\n\t\t\t\t<\/div>\n\t\t<div class=\"elementor-element elementor-element-bb56828 e-con-full e-flex e-con e-child\" data-id=\"bb56828\" data-element_type=\"container\">\n\t\t\t\t<div class=\"elementor-element elementor-element-fdf9b16 heading-default elementor-widget elementor-widget-mae-headings\" data-id=\"fdf9b16\" data-element_type=\"widget\" data-widget_type=\"mae-headings.default\">\n\t\t\t\t<div class=\"elementor-widget-container\">\n\t\t\t\t\t<div class=\"master-heading sep-none\">\n\t\t\t\n\t        \n\t        \n\t        \t        <h2 class=\"main-heading\">Paillette PET<\/h2>\n\t        \n\t        \n\t        \t            <div class=\"sub-heading\">Les paillettes PET de SINOPLAST sont fabriqu\u00e9es \u00e0 partir de bouteilles en PET post-consommation de haute puret\u00e9, tri\u00e9es et nettoy\u00e9es selon des proc\u00e9d\u00e9s avanc\u00e9s. Nos paillettes PET se distinguent par leur qualit\u00e9 exceptionnelle et leur polyvalence, \u00e9tant utilis\u00e9es dans diverses applications industrielles.<\/div>\n\t        \t    <\/div>\n\t    \t\t<\/div>\n\t\t\t\t<\/div>\n\t\t\t\t<\/div>\n\t\t\t\t\t<\/div>\n\t\t\t\t<\/div>\n\t\t<div class=\"elementor-element elementor-element-292a72e e-flex e-con-boxed e-con e-parent\" data-id=\"292a72e\" data-element_type=\"container\">\n\t\t\t\t\t<div class=\"e-con-inner\">\n\t\t<div class=\"elementor-element elementor-element-96c5d77 e-con-full e-flex e-con e-child\" data-id=\"96c5d77\" data-element_type=\"container\">\n\t\t\t\t<div class=\"elementor-element elementor-element-7d27295 elementor-widget elementor-widget-text-editor\" data-id=\"7d27295\" data-element_type=\"widget\" data-widget_type=\"text-editor.default\">\n\t\t\t\t<div class=\"elementor-widget-container\">\n\t\t\t<style>\/*! elementor - v3.21.0 - 26-05-2024 *\/\n.elementor-widget-text-editor.elementor-drop-cap-view-stacked .elementor-drop-cap{background-color:#69727d;color:#fff}.elementor-widget-text-editor.elementor-drop-cap-view-framed .elementor-drop-cap{color:#69727d;border:3px solid;background-color:transparent}.elementor-widget-text-editor:not(.elementor-drop-cap-view-default) .elementor-drop-cap{margin-top:8px}.elementor-widget-text-editor:not(.elementor-drop-cap-view-default) .elementor-drop-cap-letter{width:1em;height:1em}.elementor-widget-text-editor .elementor-drop-cap{float:left;text-align:center;line-height:1;font-size:50px}.elementor-widget-text-editor .elementor-drop-cap-letter{display:inline-block}<\/style>\t\t\t\t<p><strong>Caract\u00e9ristiques Principales :<\/strong><\/p><ul><li><strong>Haute Puret\u00e9<\/strong> : Traitement rigoureux garantissant des paillettes exemptes d&rsquo;impuret\u00e9s.<\/li><li><strong>Qualit\u00e9 Sup\u00e9rieure<\/strong> : Adapt\u00e9es aux normes les plus strictes de l&rsquo;industrie.<\/li><li><strong>Polyvalence<\/strong> : Utilisables dans la fabrication de fibres textiles, de feuilles de plastique, et de nouveaux emballages alimentaires.<\/li><\/ul><p>\u00a0<\/p>\t\t\t\t\t\t<\/div>\n\t\t\t\t<\/div>\n\t\t\t\t<\/div>\n\t\t<div class=\"elementor-element elementor-element-e08b95b e-con-full e-flex e-con e-child\" data-id=\"e08b95b\" data-element_type=\"container\">\n\t\t\t\t<div class=\"elementor-element elementor-element-fac536b elementor-widget elementor-widget-text-editor\" data-id=\"fac536b\" data-element_type=\"widget\" data-widget_type=\"text-editor.default\">\n\t\t\t\t<div class=\"elementor-widget-container\">\n\t\t\t\t\t\t\t<p><strong>Applications :<\/strong><\/p><ul><li><strong>Industrie Textile<\/strong> : Production de fibres polyester de haute qualit\u00e9.<\/li><li><strong>Emballage Alimentaire<\/strong> : Conformes aux standards alimentaires pour la fabrication de nouvelles bouteilles, gobelets et autres contenants.<\/li><li><strong>Autres Applications<\/strong> : Utilisables dans l&rsquo;automobile, la construction et d&rsquo;autres secteurs industriels.<\/li><\/ul><p>\u00a0<\/p>\t\t\t\t\t\t<\/div>\n\t\t\t\t<\/div>\n\t\t\t\t<\/div>\n\t\t\t\t\t<\/div>\n\t\t\t\t<\/div>\n\t\t<div class=\"elementor-element elementor-element-76cf6cc e-flex e-con-boxed e-con e-parent\" data-id=\"76cf6cc\" data-element_type=\"container\">\n\t\t\t\t\t<div class=\"e-con-inner\">\n\t\t\t\t<div class=\"elementor-element elementor-element-bdbea3b elementor-widget elementor-widget-text-editor\" data-id=\"bdbea3b\" data-element_type=\"widget\" data-widget_type=\"text-editor.default\">\n\t\t\t\t<div class=\"elementor-widget-container\">\n\t\t\t\t\t\t\t<p style=\"text-align: center;\">En choisissant les paillettes PET de SINOPLAST, vous optez pour un produit durable, respectueux de l&rsquo;environnement, et contribuez \u00e0 une \u00e9conomie circulaire plus verte et plus responsable.<\/p>\t\t\t\t\t\t<\/div>\n\t\t\t\t<\/div>\n\t\t\t\t\t<\/div>\n\t\t\t\t<\/div>\n\t\t\t\t<\/div>\n\t\t\n    <div class=\"xs_social_share_widget xs_share_url after_content \t\tmain_content  wslu-style-1 wslu-share-box-shaped wslu-fill-colored wslu-none wslu-share-horizontal wslu-theme-font-no wslu-main_content\">\n\n\t\t\n        <ul>\n\t\t\t        <\/ul>\n    <\/div> \n","protected":false},"excerpt":{"rendered":"<p>Paillette PET Les paillettes PET de SINOPLAST sont fabriqu\u00e9es \u00e0 partir de bouteilles en PET post-consommation de haute puret\u00e9, tri\u00e9es et nettoy\u00e9es selon des proc\u00e9d\u00e9s avanc\u00e9s. Nos paillettes PET se distinguent par leur qualit\u00e9 exceptionnelle et leur polyvalence, \u00e9tant utilis\u00e9es dans diverses applications industrielles. Caract\u00e9ristiques Principales : Haute Puret\u00e9 :<\/p>\n","protected":false},"author":1,"featured_media":0,"parent":0,"menu_order":0,"comment_status":"closed","ping_status":"closed","template":"","meta":{"_siteseo_robots_primary_cat":"","inline_featured_image":false,"_monsterinsights_skip_tracking":false,"_monsterinsights_sitenote_active":false,"_monsterinsights_sitenote_note":"","_monsterinsights_sitenote_category":0,"footnotes":""},"class_list":["post-4862","page","type-page","status-publish","hentry"],"aioseo_notices":[],"_links":{"self":[{"href":"https:\/\/gsse.dz\/sino\/wp-json\/wp\/v2\/pages\/4862","targetHints":{"allow":["GET"]}}],"collection":[{"href":"https:\/\/gsse.dz\/sino\/wp-json\/wp\/v2\/pages"}],"about":[{"href":"https:\/\/gsse.dz\/sino\/wp-json\/wp\/v2\/types\/page"}],"author":[{"embeddable":true,"href":"https:\/\/gsse.dz\/sino\/wp-json\/wp\/v2\/users\/1"}],"replies":[{"embeddable":true,"href":"https:\/\/gsse.dz\/sino\/wp-json\/wp\/v2\/comments?post=4862"}],"version-history":[{"count":18,"href":"https:\/\/gsse.dz\/sino\/wp-json\/wp\/v2\/pages\/4862\/revisions"}],"predecessor-version":[{"id":4886,"href":"https:\/\/gsse.dz\/sino\/wp-json\/wp\/v2\/pages\/4862\/revisions\/4886"}],"wp:attachment":[{"href":"https:\/\/gsse.dz\/sino\/wp-json\/wp\/v2\/media?parent=4862"}],"curies":[{"name":"wp","href":"https:\/\/api.w.org\/{rel}","templated":true}]}}